{"id":1045,"date":"2022-04-09T14:49:31","date_gmt":"2022-04-09T12:49:31","guid":{"rendered":"https:\/\/epefresnes.com\/?page_id=1045"},"modified":"2023-01-19T13:53:04","modified_gmt":"2023-01-19T12:53:04","slug":"club-jeunes-adultes","status":"publish","type":"page","link":"https:\/\/epefresnes.com\/?page_id=1045","title":{"rendered":"Club Jeunes-adultes"},"content":{"rendered":"\n<div class=\"wp-block-columns is-layout-flex wp-container-core-columns-is-layout-8f761849 wp-block-columns-is-layout-flex\">\n<div class=\"wp-block-column is-layout-flow wp-block-column-is-layout-flow\" style=\"flex-basis:66.66%\">\n<p class=\"has-black-color has-text-color has-medium-font-size wp-block-paragraph\">Le club des Jeunes Adultes rassemble les \u00e9tudiants et les jeunes actifs de 18 ans et plus. <\/p>\n\n\n\n<p class=\"has-black-color has-text-color has-medium-font-size wp-block-paragraph\">L&rsquo;optique du club est de les accompagner pour qu&rsquo;ils prennent la d\u00e9cision de faire de J\u00e9sus le Sauveur et le Seigneur de leur vie, qu&rsquo;ils prennent leur place dans l&rsquo;\u00e9glise en trouvant leur minist\u00e8re et qu&rsquo;ils soient des t\u00e9moins du Christ dans leur vie quotidienne.&nbsp;<\/p>\n\n\n\n<p class=\"has-black-color has-text-color has-medium-font-size wp-block-paragraph\">Pour cela, les clubs sont organis\u00e9s pour leur pr\u00e9senter et rappeler l&rsquo;\u00c9vangile, les encourager dans la lecture et l&rsquo;\u00e9tude de la parole de Dieu, les amener \u00e0 avoir une vie de pri\u00e8re et cr\u00e9er du lien dans cette famille qu\u2019est l\u2019\u00e9glise.&nbsp;<\/p>\n\n\n\n<p class=\"has-black-color has-text-color has-medium-font-size wp-block-paragraph\"><strong>Nous nous retrouvons les vendredis \u00e0 partir de 20h<\/strong> en toute convivialit\u00e9.<\/p>\n<\/div>\n\n\n\n<div class=\"wp-block-column is-layout-flow wp-block-column-is-layout-flow\" style=\"flex-basis:33.33%\"><div class=\"wp-block-image is-style-rounded\">\n<figure class=\"aligncenter size-full\"><img loading=\"lazy\" decoding=\"async\" width=\"1880\" height=\"1254\" data-attachment-id=\"849\" data-permalink=\"https:\/\/epefresnes.com\/?attachment_id=849\" data-orig-file=\"https:\/\/epefresnes.com\/wp-content\/uploads\/2022\/03\/pexels-photo-1292720.jpeg\" data-orig-size=\"1880,1254\" data-comments-opened=\"1\" data-image-meta=\"{&quot;aperture&quot;:&quot;0&quot;,&quot;credit&quot;:&quot;&quot;,&quot;camera&quot;:&quot;&quot;,&quot;caption&quot;:&quot;&quot;,&quot;created_timestamp&quot;:&quot;0&quot;,&quot;copyright&quot;:&quot;&quot;,&quot;focal_length&quot;:&quot;0&quot;,&quot;iso&quot;:&quot;0&quot;,&quot;shutter_speed&quot;:&quot;0&quot;,&quot;title&quot;:&quot;&quot;,&quot;orientation&quot;:&quot;0&quot;}\" data-image-title=\"homme et femme qui court pres des arbres a feuilles vertes\" data-image-description=\"\" data-image-caption=\"&lt;p&gt;Photo de mentatdgt sur &lt;a href=&quot;https:\/\/www.pexels.com\/fr-fr\/photo\/homme-et-femme-qui-court-pres-des-arbres-a-feuilles-vertes-1292720\/&quot; rel=&quot;nofollow&quot;&gt;Pexels.com&lt;\/a&gt;&lt;\/p&gt;\n\" data-large-file=\"https:\/\/epefresnes.com\/wp-content\/uploads\/2022\/03\/pexels-photo-1292720.jpeg\" src=\"https:\/\/epefresnes.com\/wp-content\/uploads\/2022\/03\/pexels-photo-1292720.jpeg\" alt=\"\" class=\"wp-image-849\"\/><\/figure>\n<\/div><\/div>\n<\/div>\n","protected":false},"excerpt":{"rendered":"<p>Le club des Jeunes Adultes rassemble les \u00e9tudiants et les jeunes actifs de 18 ans et plus. L&rsquo;optique du club est de les accompagner pour qu&rsquo;ils prennent la d\u00e9cision de faire de J\u00e9sus le Sauveur et le Seigneur de leur vie, qu&rsquo;ils prennent leur place dans l&rsquo;\u00e9glise en trouvant leur minist\u00e8re et qu&rsquo;ils soient des &hellip; <a class=\"more-link\" href=\"https:\/\/epefresnes.com\/?page_id=1045\">Lire la suite <span class=\"screen-reader-text\">Club Jeunes-adultes<\/span><\/a><\/p>\n","protected":false},"author":205015411,"featured_media":0,"parent":0,"menu_order":0,"comment_status":"closed","ping_status":"closed","template":"","meta":{"_coblocks_attr":"","_coblocks_dimensions":"","_coblocks_responsive_height":"","_coblocks_accordion_ie_support":"","_crdt_document":"","footnotes":""},"tags":[],"class_list":["post-1045","page","type-page","status-publish","hentry"],"yoast_head":"<!-- This site is optimized with the Yoast SEO plugin v27.4 - https:\/\/yoast.com\/product\/yoast-seo-wordpress\/ -->\n<title>Club Jeunes-adultes - \u00c9glise Protestante \u00c9vang\u00e9lique de Fresnes<\/title>\n<meta name=\"robots\" content=\"index, follow, max-snippet:-1, max-image-preview:large, max-video-preview:-1\" \/>\n<link rel=\"canonical\" href=\"https:\/\/epefresnes.com\/?page_id=1045\" \/>\n<meta property=\"og:locale\" content=\"fr_FR\" \/>\n<meta property=\"og:type\" content=\"article\" \/>\n<meta property=\"og:title\" content=\"Club Jeunes-adultes - \u00c9glise Protestante \u00c9vang\u00e9lique de Fresnes\" \/>\n<meta property=\"og:description\" content=\"Le club des Jeunes Adultes rassemble les \u00e9tudiants et les jeunes actifs de 18 ans et plus. L&rsquo;optique du club est de les accompagner pour qu&rsquo;ils prennent la d\u00e9cision de faire de J\u00e9sus le Sauveur et le Seigneur de leur vie, qu&rsquo;ils prennent leur place dans l&rsquo;\u00e9glise en trouvant leur minist\u00e8re et qu&rsquo;ils soient des &hellip; Lire la suite Club Jeunes-adultes\" \/>\n<meta property=\"og:url\" content=\"https:\/\/epefresnes.com\/?page_id=1045\" \/>\n<meta property=\"og:site_name\" content=\"\u00c9glise Protestante \u00c9vang\u00e9lique de Fresnes\" \/>\n<meta property=\"article:modified_time\" content=\"2023-01-19T12:53:04+00:00\" \/>\n<meta property=\"og:image\" content=\"https:\/\/epefresnes.com\/wp-content\/uploads\/2022\/03\/pexels-photo-1292720.jpeg\" \/>\n<meta name=\"twitter:card\" content=\"summary_large_image\" \/>\n<meta name=\"twitter:label1\" content=\"Dur\u00e9e de lecture estim\u00e9e\" \/>\n\t<meta name=\"twitter:data1\" content=\"1 minute\" \/>\n<script type=\"application\/ld+json\" class=\"yoast-schema-graph\">{\"@context\":\"https:\\\/\\\/schema.org\",\"@graph\":[{\"@type\":\"WebPage\",\"@id\":\"https:\\\/\\\/epefresnes.com\\\/?page_id=1045\",\"url\":\"https:\\\/\\\/epefresnes.com\\\/?page_id=1045\",\"name\":\"Club Jeunes-adultes - \u00c9glise Protestante \u00c9vang\u00e9lique de Fresnes\",\"isPartOf\":{\"@id\":\"https:\\\/\\\/epefresnes.com\\\/#website\"},\"primaryImageOfPage\":{\"@id\":\"https:\\\/\\\/epefresnes.com\\\/?page_id=1045#primaryimage\"},\"image\":{\"@id\":\"https:\\\/\\\/epefresnes.com\\\/?page_id=1045#primaryimage\"},\"thumbnailUrl\":\"https:\\\/\\\/epefresnes.com\\\/wp-content\\\/uploads\\\/2022\\\/03\\\/pexels-photo-1292720.jpeg\",\"datePublished\":\"2022-04-09T12:49:31+00:00\",\"dateModified\":\"2023-01-19T12:53:04+00:00\",\"breadcrumb\":{\"@id\":\"https:\\\/\\\/epefresnes.com\\\/?page_id=1045#breadcrumb\"},\"inLanguage\":\"fr-FR\",\"potentialAction\":[{\"@type\":\"ReadAction\",\"target\":[\"https:\\\/\\\/epefresnes.com\\\/?page_id=1045\"]}]},{\"@type\":\"ImageObject\",\"inLanguage\":\"fr-FR\",\"@id\":\"https:\\\/\\\/epefresnes.com\\\/?page_id=1045#primaryimage\",\"url\":\"https:\\\/\\\/epefresnes.com\\\/wp-content\\\/uploads\\\/2022\\\/03\\\/pexels-photo-1292720.jpeg\",\"contentUrl\":\"https:\\\/\\\/epefresnes.com\\\/wp-content\\\/uploads\\\/2022\\\/03\\\/pexels-photo-1292720.jpeg\",\"width\":1880,\"height\":1254,\"caption\":\"Photo de mentatdgt sur Pexels.com\"},{\"@type\":\"BreadcrumbList\",\"@id\":\"https:\\\/\\\/epefresnes.com\\\/?page_id=1045#breadcrumb\",\"itemListElement\":[{\"@type\":\"ListItem\",\"position\":1,\"name\":\"Accueil\",\"item\":\"https:\\\/\\\/epefresnes.com\\\/\"},{\"@type\":\"ListItem\",\"position\":2,\"name\":\"Club Jeunes-adultes\"}]},{\"@type\":\"WebSite\",\"@id\":\"https:\\\/\\\/epefresnes.com\\\/#website\",\"url\":\"https:\\\/\\\/epefresnes.com\\\/\",\"name\":\"\u00c9glise Protestante \u00c9vang\u00e9lique de Fresnes\",\"description\":\"\",\"publisher\":{\"@id\":\"https:\\\/\\\/epefresnes.com\\\/#organization\"},\"potentialAction\":[{\"@type\":\"SearchAction\",\"target\":{\"@type\":\"EntryPoint\",\"urlTemplate\":\"https:\\\/\\\/epefresnes.com\\\/?s={search_term_string}\"},\"query-input\":{\"@type\":\"PropertyValueSpecification\",\"valueRequired\":true,\"valueName\":\"search_term_string\"}}],\"inLanguage\":\"fr-FR\"},{\"@type\":\"Organization\",\"@id\":\"https:\\\/\\\/epefresnes.com\\\/#organization\",\"name\":\"\u00c9glise Protestante \u00c9vang\u00e9lique de Fresnes\",\"url\":\"https:\\\/\\\/epefresnes.com\\\/\",\"logo\":{\"@type\":\"ImageObject\",\"inLanguage\":\"fr-FR\",\"@id\":\"https:\\\/\\\/epefresnes.com\\\/#\\\/schema\\\/logo\\\/image\\\/\",\"url\":\"https:\\\/\\\/epefresnes.com\\\/wp-content\\\/uploads\\\/2021\\\/04\\\/epef-24x36-buro.png\",\"contentUrl\":\"https:\\\/\\\/epefresnes.com\\\/wp-content\\\/uploads\\\/2021\\\/04\\\/epef-24x36-buro.png\",\"width\":415,\"height\":255,\"caption\":\"\u00c9glise Protestante \u00c9vang\u00e9lique de Fresnes\"},\"image\":{\"@id\":\"https:\\\/\\\/epefresnes.com\\\/#\\\/schema\\\/logo\\\/image\\\/\"}}]}<\/script>\n<!-- \/ Yoast SEO plugin. -->","yoast_head_json":{"title":"Club Jeunes-adultes - \u00c9glise Protestante \u00c9vang\u00e9lique de Fresnes","robots":{"index":"index","follow":"follow","max-snippet":"max-snippet:-1","max-image-preview":"max-image-preview:large","max-video-preview":"max-video-preview:-1"},"canonical":"https:\/\/epefresnes.com\/?page_id=1045","og_locale":"fr_FR","og_type":"article","og_title":"Club Jeunes-adultes - \u00c9glise Protestante \u00c9vang\u00e9lique de Fresnes","og_description":"Le club des Jeunes Adultes rassemble les \u00e9tudiants et les jeunes actifs de 18 ans et plus. L&rsquo;optique du club est de les accompagner pour qu&rsquo;ils prennent la d\u00e9cision de faire de J\u00e9sus le Sauveur et le Seigneur de leur vie, qu&rsquo;ils prennent leur place dans l&rsquo;\u00e9glise en trouvant leur minist\u00e8re et qu&rsquo;ils soient des &hellip; Lire la suite Club Jeunes-adultes","og_url":"https:\/\/epefresnes.com\/?page_id=1045","og_site_name":"\u00c9glise Protestante \u00c9vang\u00e9lique de Fresnes","article_modified_time":"2023-01-19T12:53:04+00:00","og_image":[{"url":"https:\/\/epefresnes.com\/wp-content\/uploads\/2022\/03\/pexels-photo-1292720.jpeg","type":"","width":"","height":""}],"twitter_card":"summary_large_image","twitter_misc":{"Dur\u00e9e de lecture estim\u00e9e":"1 minute"},"schema":{"@context":"https:\/\/schema.org","@graph":[{"@type":"WebPage","@id":"https:\/\/epefresnes.com\/?page_id=1045","url":"https:\/\/epefresnes.com\/?page_id=1045","name":"Club Jeunes-adultes - \u00c9glise Protestante \u00c9vang\u00e9lique de Fresnes","isPartOf":{"@id":"https:\/\/epefresnes.com\/#website"},"primaryImageOfPage":{"@id":"https:\/\/epefresnes.com\/?page_id=1045#primaryimage"},"image":{"@id":"https:\/\/epefresnes.com\/?page_id=1045#primaryimage"},"thumbnailUrl":"https:\/\/epefresnes.com\/wp-content\/uploads\/2022\/03\/pexels-photo-1292720.jpeg","datePublished":"2022-04-09T12:49:31+00:00","dateModified":"2023-01-19T12:53:04+00:00","breadcrumb":{"@id":"https:\/\/epefresnes.com\/?page_id=1045#breadcrumb"},"inLanguage":"fr-FR","potentialAction":[{"@type":"ReadAction","target":["https:\/\/epefresnes.com\/?page_id=1045"]}]},{"@type":"ImageObject","inLanguage":"fr-FR","@id":"https:\/\/epefresnes.com\/?page_id=1045#primaryimage","url":"https:\/\/epefresnes.com\/wp-content\/uploads\/2022\/03\/pexels-photo-1292720.jpeg","contentUrl":"https:\/\/epefresnes.com\/wp-content\/uploads\/2022\/03\/pexels-photo-1292720.jpeg","width":1880,"height":1254,"caption":"Photo de mentatdgt sur Pexels.com"},{"@type":"BreadcrumbList","@id":"https:\/\/epefresnes.com\/?page_id=1045#breadcrumb","itemListElement":[{"@type":"ListItem","position":1,"name":"Accueil","item":"https:\/\/epefresnes.com\/"},{"@type":"ListItem","position":2,"name":"Club Jeunes-adultes"}]},{"@type":"WebSite","@id":"https:\/\/epefresnes.com\/#website","url":"https:\/\/epefresnes.com\/","name":"\u00c9glise Protestante \u00c9vang\u00e9lique de Fresnes","description":"","publisher":{"@id":"https:\/\/epefresnes.com\/#organization"},"potentialAction":[{"@type":"SearchAction","target":{"@type":"EntryPoint","urlTemplate":"https:\/\/epefresnes.com\/?s={search_term_string}"},"query-input":{"@type":"PropertyValueSpecification","valueRequired":true,"valueName":"search_term_string"}}],"inLanguage":"fr-FR"},{"@type":"Organization","@id":"https:\/\/epefresnes.com\/#organization","name":"\u00c9glise Protestante \u00c9vang\u00e9lique de Fresnes","url":"https:\/\/epefresnes.com\/","logo":{"@type":"ImageObject","inLanguage":"fr-FR","@id":"https:\/\/epefresnes.com\/#\/schema\/logo\/image\/","url":"https:\/\/epefresnes.com\/wp-content\/uploads\/2021\/04\/epef-24x36-buro.png","contentUrl":"https:\/\/epefresnes.com\/wp-content\/uploads\/2021\/04\/epef-24x36-buro.png","width":415,"height":255,"caption":"\u00c9glise Protestante \u00c9vang\u00e9lique de Fresnes"},"image":{"@id":"https:\/\/epefresnes.com\/#\/schema\/logo\/image\/"}}]}},"jetpack_likes_enabled":true,"jetpack_shortlink":"https:\/\/wp.me\/PcZLNa-gR","jetpack_sharing_enabled":true,"amp_enabled":true,"_links":{"self":[{"href":"https:\/\/epefresnes.com\/index.php?rest_route=\/wp\/v2\/pages\/1045","targetHints":{"allow":["GET"]}}],"collection":[{"href":"https:\/\/epefresnes.com\/index.php?rest_route=\/wp\/v2\/pages"}],"about":[{"href":"https:\/\/epefresnes.com\/index.php?rest_route=\/wp\/v2\/types\/page"}],"author":[{"embeddable":true,"href":"https:\/\/epefresnes.com\/index.php?rest_route=\/wp\/v2\/users\/205015411"}],"replies":[{"embeddable":true,"href":"https:\/\/epefresnes.com\/index.php?rest_route=%2Fwp%2Fv2%2Fcomments&post=1045"}],"version-history":[{"count":18,"href":"https:\/\/epefresnes.com\/index.php?rest_route=\/wp\/v2\/pages\/1045\/revisions"}],"predecessor-version":[{"id":2328,"href":"https:\/\/epefresnes.com\/index.php?rest_route=\/wp\/v2\/pages\/1045\/revisions\/2328"}],"wp:attachment":[{"href":"https:\/\/epefresnes.com\/index.php?rest_route=%2Fwp%2Fv2%2Fmedia&parent=1045"}],"wp:term":[{"taxonomy":"post_tag","embeddable":true,"href":"https:\/\/epefresnes.com\/index.php?rest_route=%2Fwp%2Fv2%2Ftags&post=1045"}],"curies":[{"name":"wp","href":"https:\/\/api.w.org\/{rel}","templated":true}]}}